{"id":2507,"date":"2020-12-15T09:58:24","date_gmt":"2020-12-15T09:58:24","guid":{"rendered":"https:\/\/demo.cmssuperheroes.com\/themeforest\/wp-nuvo-elementor\/home-restaurant-copy\/"},"modified":"2026-04-27T04:19:15","modified_gmt":"2026-04-27T04:19:15","slug":"home-coffee","status":"publish","type":"page","link":"https:\/\/kahviladonner.com\/","title":{"rendered":"Home &#8211; Coffee"},"content":{"rendered":"\t\t<div data-elementor-type=\"wp-page\" data-elementor-id=\"2507\" class=\"elementor elementor-2507\">\n\t\t\t\t\t\t\t        <section class=\"elementor-section elementor-top-section elementor-element elementor-element-06f7639 elementor-section-stretched elementor-section-boxed elementor-section-height-default elementor-section-height-default\" data-id=\"06f7639\" data-element_type=\"section\" data-settings=\"{&quot;stretch_section&quot;:&quot;section-stretched&quot;,&quot;background_background&quot;:&quot;classic&quot;}\">\n                            <div class=\"elementor-background-overlay\"><\/div>\n                \n                        <div class=\"elementor-container elementor-column-gap-default \">\n                    <div class=\"elementor-column elementor-col-100 elementor-top-column elementor-element elementor-element-00b45d1\" data-id=\"00b45d1\" data-element_type=\"column\">\n            <div class=\"elementor-widget-wrap elementor-element-populated\">\n                        \t\t<div class=\"elementor-element elementor-element-674dbd4 elementor-widget elementor-widget-heading\" data-id=\"674dbd4\" data-element_type=\"widget\" data-widget_type=\"heading.default\">\n\t\t\t\t<div class=\"elementor-widget-container\">\n\t\t\t<h2 class=\"elementor-heading-title elementor-size-default\">Lounaslista <\/h2>\t\t<\/div>\n\t\t\t\t<\/div>\n\t\t\t\t<div class=\"elementor-element elementor-element-78d36ec elementor-widget elementor-widget-text-editor\" data-id=\"78d36ec\" data-element_type=\"widget\" data-widget_type=\"text-editor.default\">\n\t\t\t\t<div class=\"elementor-widget-container\">\n\t\t\t\t\t\t\t<p><span style=\"font-family: 'Helvetica Neue'; font-size: 25px; letter-spacing: 1.6px;\"><b>Viikko 18<\/b><\/span><\/p>\n<p><span style=\"font-kerning: none;\">Kahvila avoinna klo 8.00-14.30<\/span><br><span style=\"font-kerning: none;\">Lounas tarjolla 10.30-13.00<\/span><\/p>\t\t\t\t\t\t<\/div>\n\t\t\t\t<\/div>\n\t\t\t\t<div class=\"elementor-element elementor-element-ff9932e elementor-widget elementor-widget-text-editor\" data-id=\"ff9932e\" data-element_type=\"widget\" data-widget_type=\"text-editor.default\">\n\t\t\t\t<div class=\"elementor-widget-container\">\n\t\t\t\t\t\t\t\t\t\t\t\t\t<\/div>\n\t\t\t\t<\/div>\n\t\t            <\/div>\n        <\/div>\n                            <\/div>\n        <\/section>\n                <section class=\"elementor-section elementor-top-section elementor-element elementor-element-3e47d43 elementor-section-stretched elementor-section-boxed elementor-section-height-default elementor-section-height-default\" data-id=\"3e47d43\" data-element_type=\"section\" data-settings=\"{&quot;stretch_section&quot;:&quot;section-stretched&quot;,&quot;background_background&quot;:&quot;classic&quot;}\">\n            \n                        <div class=\"elementor-container elementor-column-gap-default \">\n                    <div class=\"elementor-column elementor-col-100 elementor-top-column elementor-element elementor-element-1f276b0\" data-id=\"1f276b0\" data-element_type=\"column\">\n            <div class=\"elementor-widget-wrap elementor-element-populated\">\n                        \t\t<div class=\"elementor-element elementor-element-41f8455 elementor-widget elementor-widget-text-editor\" data-id=\"41f8455\" data-element_type=\"widget\" data-widget_type=\"text-editor.default\">\n\t\t\t\t<div class=\"elementor-widget-container\">\n\t\t\t\t\t\t\t<div><span style=\"color: #222222;\"><span style=\"caret-color: #222222;\"><b>Lounasp\u00f6yt\u00e4 12,50 \u20ac \/ Keittolounas 10,40 \u20ac\/\u00a0<\/b><\/span><\/span><span style=\"color: #222222;\"><span style=\"caret-color: #222222;\"><b>Salaattip\u00f6yt\u00e4 10 \u20ac<\/b><\/span><\/span><\/div><div>\u00a0<\/div>\t\t\t\t\t\t<\/div>\n\t\t\t\t<\/div>\n\t\t        <section class=\"elementor-section elementor-inner-section elementor-element elementor-element-51d6e04 elementor-section-boxed elementor-section-height-default elementor-section-height-default\" data-id=\"51d6e04\" data-element_type=\"section\">\n            \n                        <div class=\"elementor-container elementor-column-gap-default \">\n                    <div class=\"elementor-column elementor-col-50 elementor-inner-column elementor-element elementor-element-c7fd5a1\" data-id=\"c7fd5a1\" data-element_type=\"column\">\n            <div class=\"elementor-widget-wrap elementor-element-populated\">\n                        \t\t<div class=\"elementor-element elementor-element-5d09f65 elementor-widget elementor-widget-heading\" data-id=\"5d09f65\" data-element_type=\"widget\" data-widget_type=\"heading.default\">\n\t\t\t\t<div class=\"elementor-widget-container\">\n\t\t\t<h4 class=\"elementor-heading-title elementor-size-default\">Maanantai 27.4<\/h4>\t\t<\/div>\n\t\t\t\t<\/div>\n\t\t\t\t<div class=\"elementor-element elementor-element-b6f5276 elementor-widget elementor-widget-text-editor\" data-id=\"b6f5276\" data-element_type=\"widget\" data-widget_type=\"text-editor.default\">\n\t\t\t\t<div class=\"elementor-widget-container\">\n\t\t\t\t\t\t\t<ul><li><strong>Jauhelihalasagne L<\/strong><\/li><li><strong>Gratinoidut kasviset ja sitruunalla maustettua riisi\u00e4 L, G<\/strong><\/li><li><strong>Paahdettu paprika-fetakeitto L, G<\/strong><\/li><\/ul>\t\t\t\t\t\t<\/div>\n\t\t\t\t<\/div>\n\t\t            <\/div>\n        <\/div>\n                <div class=\"elementor-column elementor-col-50 elementor-inner-column elementor-element elementor-element-d223763\" data-id=\"d223763\" data-element_type=\"column\">\n            <div class=\"elementor-widget-wrap elementor-element-populated\">\n                        \t\t<div class=\"elementor-element elementor-element-01bf344 elementor-widget elementor-widget-image\" data-id=\"01bf344\" data-element_type=\"widget\" data-widget_type=\"image.default\">\n\t\t\t\t<div class=\"elementor-widget-container\">\n\t\t\t\t\t\t\t\t\t\t\t\t\t\t\t<img decoding=\"async\" width=\"250\" height=\"168\" src=\"https:\/\/kahviladonner.com\/wp-content\/uploads\/2020\/12\/modernparallaxboxed-250x168.jpg\" class=\"attachment-nuvo-small size-nuvo-small\" alt=\"\" \/>\t\t\t\t\t\t\t\t\t\t\t\t\t\t\t<\/div>\n\t\t\t\t<\/div>\n\t\t            <\/div>\n        <\/div>\n                            <\/div>\n        <\/section>\n                <section class=\"elementor-section elementor-inner-section elementor-element elementor-element-bd85f15 elementor-section-boxed elementor-section-height-default elementor-section-height-default\" data-id=\"bd85f15\" data-element_type=\"section\">\n            \n                        <div class=\"elementor-container elementor-column-gap-default \">\n                    <div class=\"elementor-column elementor-col-50 elementor-inner-column elementor-element elementor-element-cdfeb93\" data-id=\"cdfeb93\" data-element_type=\"column\">\n            <div class=\"elementor-widget-wrap elementor-element-populated\">\n                        \t\t<div class=\"elementor-element elementor-element-cce6eaa elementor-widget elementor-widget-heading\" data-id=\"cce6eaa\" data-element_type=\"widget\" data-widget_type=\"heading.default\">\n\t\t\t\t<div class=\"elementor-widget-container\">\n\t\t\t<h4 class=\"elementor-heading-title elementor-size-default\">Tiistai 28.4.<\/h4>\t\t<\/div>\n\t\t\t\t<\/div>\n\t\t\t\t<div class=\"elementor-element elementor-element-d70a3da elementor-widget elementor-widget-text-editor\" data-id=\"d70a3da\" data-element_type=\"widget\" data-widget_type=\"text-editor.default\">\n\t\t\t\t<div class=\"elementor-widget-container\">\n\t\t\t\t\t\t\t<ul><li><strong>Kanan paisteileikkeit\u00e4 tomaatti-vuohenjuustokastikkeessa ja riisi\u00e4 L, G<\/strong><\/li><li><strong>Kaurakermassa muhitettua kasvispyttipannua M, G, Ve<\/strong><\/li><li><strong>Paahdettu paprika-fetakeitto L, G<\/strong><\/li><\/ul>\t\t\t\t\t\t<\/div>\n\t\t\t\t<\/div>\n\t\t            <\/div>\n        <\/div>\n                <div class=\"elementor-column elementor-col-50 elementor-inner-column elementor-element elementor-element-c1b84f6\" data-id=\"c1b84f6\" data-element_type=\"column\">\n            <div class=\"elementor-widget-wrap elementor-element-populated\">\n                        \t\t<div class=\"elementor-element elementor-element-2cb4490 elementor-widget elementor-widget-image\" data-id=\"2cb4490\" data-element_type=\"widget\" data-widget_type=\"image.default\">\n\t\t\t\t<div class=\"elementor-widget-container\">\n\t\t\t\t\t\t\t\t\t\t\t\t\t\t\t<img decoding=\"async\" width=\"250\" height=\"168\" src=\"https:\/\/kahviladonner.com\/wp-content\/uploads\/2020\/11\/newblog6-250x168.jpg\" class=\"attachment-nuvo-small size-nuvo-small\" alt=\"\" srcset=\"https:\/\/kahviladonner.com\/wp-content\/uploads\/2020\/11\/newblog6-250x168.jpg 250w, https:\/\/kahviladonner.com\/wp-content\/uploads\/2020\/11\/newblog6-300x200.jpg 300w, https:\/\/kahviladonner.com\/wp-content\/uploads\/2020\/11\/newblog6-768x512.jpg 768w, https:\/\/kahviladonner.com\/wp-content\/uploads\/2020\/11\/newblog6.jpg 800w\" sizes=\"(max-width: 250px) 100vw, 250px\" \/>\t\t\t\t\t\t\t\t\t\t\t\t\t\t\t<\/div>\n\t\t\t\t<\/div>\n\t\t            <\/div>\n        <\/div>\n                            <\/div>\n        <\/section>\n                <section class=\"elementor-section elementor-inner-section elementor-element elementor-element-65c6fbf elementor-section-boxed elementor-section-height-default elementor-section-height-default\" data-id=\"65c6fbf\" data-element_type=\"section\">\n            \n                        <div class=\"elementor-container elementor-column-gap-default \">\n                    <div class=\"elementor-column elementor-col-50 elementor-inner-column elementor-element elementor-element-7632f8c\" data-id=\"7632f8c\" data-element_type=\"column\">\n            <div class=\"elementor-widget-wrap elementor-element-populated\">\n                        \t\t<div class=\"elementor-element elementor-element-369d8fd elementor-widget elementor-widget-heading\" data-id=\"369d8fd\" data-element_type=\"widget\" data-widget_type=\"heading.default\">\n\t\t\t\t<div class=\"elementor-widget-container\">\n\t\t\t<h4 class=\"elementor-heading-title elementor-size-default\">Keskiviikko 29.4.<\/h4>\t\t<\/div>\n\t\t\t\t<\/div>\n\t\t\t\t<div class=\"elementor-element elementor-element-35980be elementor-widget elementor-widget-text-editor\" data-id=\"35980be\" data-element_type=\"widget\" data-widget_type=\"text-editor.default\">\n\t\t\t\t<div class=\"elementor-widget-container\">\n\t\t\t\t\t\t\t<ul><li><strong>Tomaatti-mozzarellakalaa, pikkuperunaa &amp; kev\u00e4tsipuli-kermaviilikastike L<\/strong><\/li><li><strong>Pinaatti-kanttarellirisotto L, G<\/strong><\/li><li><strong>Porkkana-kookoskeitto M, G, Ve<\/strong><\/li><\/ul>\t\t\t\t\t\t<\/div>\n\t\t\t\t<\/div>\n\t\t            <\/div>\n        <\/div>\n                <div class=\"elementor-column elementor-col-50 elementor-inner-column elementor-element elementor-element-102c8bd\" data-id=\"102c8bd\" data-element_type=\"column\">\n            <div class=\"elementor-widget-wrap elementor-element-populated\">\n                        \t\t<div class=\"elementor-element elementor-element-e305c04 elementor-widget elementor-widget-image\" data-id=\"e305c04\" data-element_type=\"widget\" data-widget_type=\"image.default\">\n\t\t\t\t<div class=\"elementor-widget-container\">\n\t\t\t\t\t\t\t\t\t\t\t\t\t\t\t<img decoding=\"async\" width=\"250\" height=\"168\" src=\"https:\/\/kahviladonner.com\/wp-content\/uploads\/2020\/12\/ac-img4-250x168.jpg\" class=\"attachment-nuvo-small size-nuvo-small\" alt=\"\" srcset=\"https:\/\/kahviladonner.com\/wp-content\/uploads\/2020\/12\/ac-img4-250x168.jpg 250w, https:\/\/kahviladonner.com\/wp-content\/uploads\/2020\/12\/ac-img4-980x654.jpg 980w\" sizes=\"(max-width: 250px) 100vw, 250px\" \/>\t\t\t\t\t\t\t\t\t\t\t\t\t\t\t<\/div>\n\t\t\t\t<\/div>\n\t\t            <\/div>\n        <\/div>\n                            <\/div>\n        <\/section>\n                <section class=\"elementor-section elementor-inner-section elementor-element elementor-element-011e9fa elementor-section-boxed elementor-section-height-default elementor-section-height-default\" data-id=\"011e9fa\" data-element_type=\"section\">\n            \n                        <div class=\"elementor-container elementor-column-gap-default \">\n                    <div class=\"elementor-column elementor-col-50 elementor-inner-column elementor-element elementor-element-c29b611\" data-id=\"c29b611\" data-element_type=\"column\">\n            <div class=\"elementor-widget-wrap elementor-element-populated\">\n                        \t\t<div class=\"elementor-element elementor-element-408c77c elementor-widget elementor-widget-heading\" data-id=\"408c77c\" data-element_type=\"widget\" data-widget_type=\"heading.default\">\n\t\t\t\t<div class=\"elementor-widget-container\">\n\t\t\t<h4 class=\"elementor-heading-title elementor-size-default\">Torstai 30.4.<\/h4>\t\t<\/div>\n\t\t\t\t<\/div>\n\t\t\t\t<div class=\"elementor-element elementor-element-b1fec0f elementor-widget elementor-widget-text-editor\" data-id=\"b1fec0f\" data-element_type=\"widget\" data-widget_type=\"text-editor.default\">\n\t\t\t\t<div class=\"elementor-widget-container\">\n\t\t\t\t\t\t\t<ul><li><strong>Kanan wingsej\u00e4, lihapulla, nakkeja &amp; lohkoperunat! L, G<\/strong><br \/><strong>Valikoima erilaisia dippej\u00e4, perunasalaattia &amp; Coleslaw! L, G<\/strong><\/li><li><strong>Kasvispy\u00f6ryk\u00e4t M, Ve<\/strong><\/li><li><strong>Porkkana-kookoskeitto M, G, Ve<\/strong><\/li><\/ul>\t\t\t\t\t\t<\/div>\n\t\t\t\t<\/div>\n\t\t            <\/div>\n        <\/div>\n                <div class=\"elementor-column elementor-col-50 elementor-inner-column elementor-element elementor-element-56210b7\" data-id=\"56210b7\" data-element_type=\"column\">\n            <div class=\"elementor-widget-wrap elementor-element-populated\">\n                        \t\t<div class=\"elementor-element elementor-element-dab0db6 elementor-widget elementor-widget-image\" data-id=\"dab0db6\" data-element_type=\"widget\" data-widget_type=\"image.default\">\n\t\t\t\t<div class=\"elementor-widget-container\">\n\t\t\t\t\t\t\t\t\t\t\t\t\t\t\t<img decoding=\"async\" width=\"250\" height=\"168\" src=\"https:\/\/kahviladonner.com\/wp-content\/uploads\/2020\/12\/chicken-250x168.jpg\" class=\"attachment-nuvo-small size-nuvo-small\" alt=\"\" \/>\t\t\t\t\t\t\t\t\t\t\t\t\t\t\t<\/div>\n\t\t\t\t<\/div>\n\t\t            <\/div>\n        <\/div>\n                            <\/div>\n        <\/section>\n                <section class=\"elementor-section elementor-inner-section elementor-element elementor-element-4ff254b elementor-section-boxed elementor-section-height-default elementor-section-height-default\" data-id=\"4ff254b\" data-element_type=\"section\">\n            \n                        <div class=\"elementor-container elementor-column-gap-default \">\n                    <div class=\"elementor-column elementor-col-50 elementor-inner-column elementor-element elementor-element-210db7e\" data-id=\"210db7e\" data-element_type=\"column\">\n            <div class=\"elementor-widget-wrap elementor-element-populated\">\n                        \t\t<div class=\"elementor-element elementor-element-c649a34 elementor-widget elementor-widget-heading\" data-id=\"c649a34\" data-element_type=\"widget\" data-widget_type=\"heading.default\">\n\t\t\t\t<div class=\"elementor-widget-container\">\n\t\t\t<h4 class=\"elementor-heading-title elementor-size-default\">Perjantai 1.5.<\/h4>\t\t<\/div>\n\t\t\t\t<\/div>\n\t\t\t\t<div class=\"elementor-element elementor-element-5fc127b elementor-widget elementor-widget-text-editor\" data-id=\"5fc127b\" data-element_type=\"widget\" data-widget_type=\"text-editor.default\">\n\t\t\t\t<div class=\"elementor-widget-container\">\n\t\t\t\t\t\t\t<p><b>VAPPUBRUNSSI &amp; <br \/>Jatsia Elina Kard\u00e9n ja Lassi Kouvo!<br \/>Kaksi kattausta klo 12:00 ja 15:00<br \/>Varaukset: info@tresbonpalvelut.fi \/ liput Tiketti tai Kahvila Donner<br \/>Hinnat: Aikuiset 48,50 \u20ac \/ hl\u00f6 \/ 0\u20133 vuotiaat ilmaiseksi <br \/>4\u201312 vuotiaat 1,50 \u20ac \/ ik\u00e4vuosi<br \/>www.tresbonpalvelut.fi<\/b><\/p><p><strong><span style=\"color: #000000;\"><span style=\"font-family: HelveticaNeue;\"><span style=\"font-size: medium;\">K\u00e4yt\u00e4mme vain kotimaista lihaa.<\/span><\/span><\/span><\/strong><\/p><p style=\"text-align: left;\" align=\"CENTER\"><span style=\"color: #000000;\"><span style=\"font-family: HelveticaNeue;\"><span style=\"font-size: medium;\">Lihojen alkuper\u00e4maat: kana: suomi, nauta: suomi, possu: suomi<\/span><\/span><\/span><\/p><p style=\"text-align: left;\" align=\"CENTER\"><span style=\"color: #000000;\"><span style=\"font-family: HelveticaNeue;\"><span style=\"font-size: medium;\">L = laktoositon, M= maidoton, G= gluteeniton, VE = vegaaninen<\/span><\/span><\/span><\/p>\t\t\t\t\t\t<\/div>\n\t\t\t\t<\/div>\n\t\t            <\/div>\n        <\/div>\n                <div class=\"elementor-column elementor-col-50 elementor-inner-column elementor-element elementor-element-3545027\" data-id=\"3545027\" data-element_type=\"column\">\n            <div class=\"elementor-widget-wrap elementor-element-populated\">\n                        \t\t<div class=\"elementor-element elementor-element-8bd6134 elementor-widget elementor-widget-image\" data-id=\"8bd6134\" data-element_type=\"widget\" data-widget_type=\"image.default\">\n\t\t\t\t<div class=\"elementor-widget-container\">\n\t\t\t\t\t\t\t\t\t\t\t\t\t\t\t<img decoding=\"async\" width=\"250\" height=\"168\" src=\"https:\/\/kahviladonner.com\/wp-content\/uploads\/2020\/12\/newfood3-250x168.jpg\" class=\"attachment-nuvo-small size-nuvo-small\" alt=\"\" \/>\t\t\t\t\t\t\t\t\t\t\t\t\t\t\t<\/div>\n\t\t\t\t<\/div>\n\t\t            <\/div>\n        <\/div>\n                            <\/div>\n        <\/section>\n                    <\/div>\n        <\/div>\n                            <\/div>\n        <\/section>\n                <section class=\"elementor-section elementor-top-section elementor-element elementor-element-bc0791d elementor-section-boxed elementor-section-height-default elementor-section-height-default\" data-id=\"bc0791d\" data-element_type=\"section\">\n            \n                        <div class=\"elementor-container elementor-column-gap-default \">\n                    <div class=\"elementor-column elementor-col-100 elementor-top-column elementor-element elementor-element-ed3dc5d\" data-id=\"ed3dc5d\" data-element_type=\"column\">\n            <div class=\"elementor-widget-wrap elementor-element-populated\">\n                        \t\t<div class=\"elementor-element elementor-element-5de39be elementor-widget elementor-widget-text-editor\" data-id=\"5de39be\" data-element_type=\"widget\" data-widget_type=\"text-editor.default\">\n\t\t\t\t<div class=\"elementor-widget-container\">\n\t\t\t\t\t\t\t<h4><span style=\"color: #000000;\">Maksutavat<\/span><\/h4><ul><li><span style=\"color: #000000;\"><strong>Pankki- ja luottokortit<\/strong><\/span><\/li><li><span style=\"color: #000000;\"><strong>Edenred lounassetelit- ja kortti, mobiilisovellus<\/strong><\/span><\/li><li><span style=\"color: #000000;\"><strong>Smartum mobiilisovellus<\/strong><\/span><\/li><li><span style=\"color: #000000;\"><strong>Epassi mobiilisovellus<\/strong><\/span><\/li><li><span style=\"color: #000000;\"><strong>K\u00e4teinen<\/strong><\/span><\/li><li><span style=\"color: #000000;\"><strong>Yrityksille my\u00f6s laskutusmahdollisuus.<\/strong><\/span><\/li><\/ul>\t\t\t\t\t\t<\/div>\n\t\t\t\t<\/div>\n\t\t            <\/div>\n        <\/div>\n                            <\/div>\n        <\/section>\n        \t\t\t\t\t<\/div>\n\t\t","protected":false},"excerpt":{"rendered":"<p>Lounaslista Viikko 18 Kahvila avoinna klo 8.00-14.30Lounas tarjolla 10.30-13.00 Lounasp\u00f6yt\u00e4 12,50 \u20ac \/ Keittolounas 10,40 \u20ac\/\u00a0Salaattip\u00f6yt\u00e4 10 \u20ac\u00a0 Maanantai 27.4 Jauhelihalasagne L Gratinoidut kasviset ja sitruunalla maustettua riisi\u00e4 L, G Paahdettu paprika-fetakeitto L, G Tiistai 28.4. Kanan paisteileikkeit\u00e4 tomaatti-vuohenjuustokastikkeessa ja riisi\u00e4 L, G Kaurakermassa muhitettua kasvispyttipannua M, G, Ve Paahdettu paprika-fetakeitto L, G Keskiviikko 29.4. [&hellip;]<\/p>\n","protected":false},"author":1,"featured_media":0,"parent":0,"menu_order":0,"comment_status":"closed","ping_status":"closed","template":"","meta":[],"_links":{"self":[{"href":"https:\/\/kahviladonner.com\/index.php?rest_route=\/wp\/v2\/pages\/2507"}],"collection":[{"href":"https:\/\/kahviladonner.com\/index.php?rest_route=\/wp\/v2\/pages"}],"about":[{"href":"https:\/\/kahviladonner.com\/index.php?rest_route=\/wp\/v2\/types\/page"}],"author":[{"embeddable":true,"href":"https:\/\/kahviladonner.com\/index.php?rest_route=\/wp\/v2\/users\/1"}],"replies":[{"embeddable":true,"href":"https:\/\/kahviladonner.com\/index.php?rest_route=%2Fwp%2Fv2%2Fcomments&post=2507"}],"version-history":[{"count":964,"href":"https:\/\/kahviladonner.com\/index.php?rest_route=\/wp\/v2\/pages\/2507\/revisions"}],"predecessor-version":[{"id":9172,"href":"https:\/\/kahviladonner.com\/index.php?rest_route=\/wp\/v2\/pages\/2507\/revisions\/9172"}],"wp:attachment":[{"href":"https:\/\/kahviladonner.com\/index.php?rest_route=%2Fwp%2Fv2%2Fmedia&parent=2507"}],"curies":[{"name":"wp","href":"https:\/\/api.w.org\/{rel}","templated":true}]}}